. Suppose 25 = -v*u + 18*u. Is u a composite number?
True
Let x = -11 - -328. Is x a prime number?
True
Suppose 0 = -3*u + 823 - 181. Suppose 3*k - 5*k = -u. Let t = 27 + k. Is t prime?
False
Let l(u) = 1941*u**3 + 2*u**2 - 3*u + 1. Let p be l(1). Suppose 3*j = 495 + p. Suppose 2*b + j = 6*b. Is b prime?
False
Let v(d) = -5*d - 7. Let m be v(-9). Suppose 3*p + 4*t = m + 23, 4*t = -5*p + 91. Let s = 34 - p. Is s a prime number?
True
Let j = 92 + -78. Let w(p) = 8 + 0 - 3 + 10*p. Is w(j) prime?
False
Let u(s) = -s**2 + 9*s - 14. Let h be u(4). Let d(x) = 4*x - 9. Is d(h) prime?
False
Let s(q) = 2*q - 17. Let t(o) = -2*o + 17. Let i(f) = 5*s(f) + 6*t(f). Let z be i(7). Is z + 1 - (-5 + -112) a prime number?
False
Suppose 12*b = 53161 + 114395. Is b a prime number?
True
Suppose -g = 45*g - 205666. Is g a composite number?
True
Let r(q) be the third derivative of -7*q**6/40 + q**5/30 - q**3/6 - 3*q**2. Let u be r(-1). Suppose u = 3*j - 83. Is j a prime number?
False
Let n = 6 + 10. Is 1/(-4) + 9460/n composite?
True
Suppose -2 = q - 2*q. Suppose a - q*a = 0. Is a + 78 - 1/1 a prime number?
False
Let p(r) = -r**3 - 20*r**2 + 2*r + 11. Let h(x) = 2*x**3 + 41*x**2 - 4*x - 22. Let o(f) = -2*h(f) - 5*p(f). Is o(-16) a prime number?
False
Let q(y) = 107*y - 14. Is q(5) composite?
False
Suppose 4*b + 27210 = 14*b. Is b prime?
False
Let b(m) = 102*m**2 - 11*m + 8. Let c(l) = 153*l**2 - 17*l + 12. Let f(o) = -7*b(o) + 5*c(o). Is f(3) prime?
True
Suppose 4*n + 4*r = 4204, 0 = 2*n + r - 1350 - 757. Let u = n - 702. Suppose 7*z - 4*z = u. Is z a prime number?
False
Suppose 0 = 5*x - 5*j - 249775, x + 10*j - 6*j = 49965. Is x composite?
False
Let j(q) = q**3 - q**2 - q. Let r be j(2). Suppose r*f = 3*f - 3. Suppose 2*t = f*t - 59. Is t a composite number?
False
Is -4*12/((-288)/42906) a prime number?
True
Is (-9)/18*6 + 4034 prime?
False
Let b = 324 - 191. Let x = 78 + b. Is x prime?
True
Let v = -7 - 103. Let t be v/(-35) - (-1)/(-7). Suppose -t*d + 42 = -0. Is d a prime number?
False
Let f(v) be the third derivative of 0 - 1/4*v**5 + 13/24*v**4 + 1/120*v**6 + 11/3*v**3 + 0*v + 6*v**2. Is f(15) composite?
True
Let c be 4 - (8 + -8)/((-1)/1). Suppose -2*o = r - 379, 2*o + c*r = 5*o - 585. Is o a prime number?
True
Let n be (14/35)/((-1)/(-10)). Suppose -14 = -n*g + 3*g. Is ((-7)/g)/((-1)/322) a composite number?
True
Let k = 61 - 55. Suppose -k*u + 1459 + 10775 = 0. Is u prime?
True
Suppose 60*x - 17639 = 73741. Is x prime?
True
Let v(i) be the second derivative of i**5/60 + 5*i**4/24 + 3*i**3/2 - i**2/2 + 7*i. Let m(o) be the first derivative of v(o). Is m(5) prime?
True
Let d be -3*3/3 + 3 + -35. Is (3/(-1) - -2)*d a prime number?
False
Let d(x) = x**3 + 17*x**2 - 19*x - 14. Let m be d(-18). Suppose -m*s + 55 + 117 = 0. Suppose 2*z - 5*y = 163 - s, 2*y = 4*z - 224. Is z a composite number?
True
Let t = -1 + -3. Let q be (-3)/t + 6643/28. Suppose -3*z - q = -5*z. Is z a composite number?
True
Suppose 5*f = -4*q - 2610, 2*f + f = -5*q - 1566. Let v = f - -1003. Is v a prime number?
False
Suppose -639 = 4*m - 3*b, -m + 3*b - 10 - 152 = 0. Let n = m + 362. Is n composite?
True
Suppose -2*n - 6 = q + q, 3*q + 4 = -2*n. Suppose q*j - 363 - 343 = 0. Is j prime?
True
Let d(l) = 91*l**3 + 8*l - 133. Is d(6) composite?
False
Is (-3 + -1)*1 + (12326 - -1) a composite number?
False
Let u be (-3 + -5)*(-2)/4. Let s be (18/(-27))/(u/(-18)). Suppose s*l + 1465 = 8*l. Is l a composite number?
False
Suppose -4*g = y - 9 - 4, 0 = -3*y + 15. Suppose -o + g*i + 8 = -0*i, -2*o - i = -21. Suppose 4*r - 318 = -o. Is r composite?
True
Let i = -337 - -1698. Is i composite?
False
Let n(l) = 2*l**2 + 4*l + 4. Let h be n(-3). Suppose 0 + h = -x. Let g = x - -17. Is g composite?
False
Suppose -6*a + 76349 = -188581. Is a prime?
False
Is ((-36796)/(-28))/(42/(-49) - -1) a prime number?
True
Let f = 470 - 140. Suppose f = 8*d - 3*d. Suppose d = -2*b + 292. Is b a prime number?
True
Let d(m) = m**2 + 10*m - 19. Let x(c) = -c**3 - 7*c**2 + 14. Let n be x(-7). Is d(n) composite?
False
Let t(w) = 15*w**2 + 3*w + 18. Let s be t(-6). Suppose 2*v + 2*p + 512 = 0, 0*v = 2*v - 4*p + 482. Let q = s + v. Is q a composite number?
True
Let r(t) = 33*t + 8. Suppose -7*g + 10 = -2*g. Is r(g) a prime number?
False
Suppose 0 = -6*x - 2*x + 3808. Suppose 9 = 2*f + f. Suppose -2*a + 2*s = -x, a = 2*a - f*s - 244. Is a a prime number?
False
Let j(i) be the third derivative of -i**5/20 - i**4/6 + 4*i**2. Let z be j(-6). Is ((-3)/(-2))/((-9)/z) a prime number?
False
Let n(i) = 59*i + 2. Suppose 2*g + 3*g = 4*q - 34, -5*g - 32 = -2*q. Let v(h) = -60*h - 1. Let m(u) = g*n(u) - 5*v(u). Is m(-5) composite?
False
Suppose -33*h + 161672 = -25*h. Is h a prime number?
False
Suppose f - 5*c - 2 = 6, -3*c - 83 = 4*f. Let r = f - -19. Suppose 4*w + 5*t = t + 116, 0 = r*t + 8. Is w a prime number?
False
Let f be 6/(-9) - 7360/(-6). Suppose -2*q = -2*t + f, -q + 2452 = 2*t + 2*t. Is t a prime number?
True
Let c(y) be the second derivative of 17/3*y**3 - 3*y + 9/2*y**2 + 0. Is c(17) a composite number?
False
Let d(b) be the first derivative of 169*b**2/2 + 40*b + 21. Is d(7) composite?
False
Let i = 4 + 1. Let w = i + -6. Let m = w - -7. Is m composite?
True
Suppose 2*t + 3*z = 26, -4*t - 3 = 2*z - 39. Suppose t - 23 = -2*m. Suppose 0 = -g - m + 119. Is g composite?
True
Let d = 27 - 27. Suppose -4*h + 5 + 19 = 0. Suppose 4*q - 118 - h = d. Is q prime?
True
Let l(d) = d**3 + 32*d**2 + 16*d + 49. Suppose 3*v = 4*k + 114, 5*k = -6*v + 9*v - 144. Is l(k) prime?
False
Let s(d) = -4*d**3 + 2*d**2 + 5*d - 1. Let t(q) = -16*q**3 + 9*q**2 + 20*q - 5. Let u(g) = 9*s(g) - 2*t(g). Let z = 10 + -14. Is u(z) a prime number?
False
Let j = 182 - 431. Let l = -258 + 128. Let c = l - j. Is c a composite number?
True
Let g be 8/(-6)*30/4. Let a = 17 + g. Let b(n) = n**3 - 3*n**2 - 7*n - 4. Is b(a) a composite number?
True
Suppose 5*x = 2*x - 5*j + 440, 2*x - 304 = 2*j. Suppose x = q - 69. Is q a composite number?
True
Let u = -332 + 1429. Is u prime?
True
Suppose -26202 = -12*k + 23610. Is k a prime number?
False
Is 43074/12 + (-3 + 8)/(-10) prime?
False
Let z(a) = 48*a + 67. Is z(5) prime?
True
Let u be (18/(-45) + (-34)/(-10))/1. Is 3 - (-600)/(0 + u) composite?
True
Let x = 5207 + -1614. Is x prime?
True
Let h = 1545 - -3808. Is h composite?
True
Suppose 5*q + c - 68 = 0, -2*c + 6*c - 77 = -5*q. Let n = 236 - q. Is n prime?
True
Is 4/10 - ((-357292)/20 + 22) prime?
False
Let z(r) = 41*r**2 + 37*r - 17. Is z(-9) composite?
False
Let l be ((-11)/(-33))/(2/12). Suppose -70 = -0*y - l*y. Is y prime?
False
Let y = 15072 + -8587. Is y prime?
False
Let a(l) = 7*l + 10*l + 13 - 5*l + 6*l. Is a(11) prime?
True
Suppose 3*z + 6 = 0, -4*z + 24 = 2*p - 0*p. Suppose m + 1 = -5*c + 5, 4*m - p = c. Is m/6 - (-183)/9 a prime number?
False
Let w(b) = 3*b**3 - 4*b**2 + 3*b - 6. Suppose 0 = -4*d - 0*d + 16. Is w(d) composite?
True
Let s = 1002 - 475. Let g = s - 316. Is g a composite number?
False
Let a be 12/10*10/4. Suppose 3*z + 15 = 0, -4*b + 0*z = a*z + 3. Suppose 2*n = -4*u + 598, -b*u + 1596 = 5*n + 122. Is n a composite number?
False
Let f = -1635 - -3578. Is f a prime number?
False
Is (-18)/(-60)*15942 + 12/30 composite?
False
Suppose 2*s - a + 6 + 25 = 0, 5*s + 4*a + 45 = 0. Let t = s + 16. Suppose -t*f + 268 = f. Is f composite?
False
Suppose 2*a - 2 - 2 = 0. Suppose -15 = -c - a*c, -l - 2*c = -6. Is 7/(2975/(-745) - l) a prime number?
False
Suppose 0 = k - 3, -2*f + 2*k + 2905 = -22087. Is f composite?
True
Let c(k) = -k**3 - 5*k**2 + 2*k + 10. Let x be c(-5). Suppose -5*q + 3*t = -0*q - 23, x = -3*q - 2*t + 10. Is (-4)/q - -38 - 0 a composite number?
False
Suppose -2184 = 2*j - 8*j. Let p = 7 + j. Is p composite?
True
Suppose -10972 = 2*c - 6*c - 3*q, -q = 0. Let z = c - -14. Is z prime?
False
Let o(b) = 0*b - 8 + b - b + b. Let u be o(5). Is (-9)/6*298/u composite?
False
Let i = 10848 + -6767. Suppose 2726 = 2*x - 5*z + z, 3*x + 2*z - i = 0. Is x a prime number?
True
Let x = 78 - 46. Let b be x/24*150/4. Let m = 59 + b. Is m a prime number?
True
Let x(j) = 527*j - 3. Let c be x(3). Let s = c + -2211. Is -2*(s/6 - 0) a composite number?
False
Let k = -21 + 30. Let q(h) = h + 1. Let c(g) = 2*g**2 - 5*g - 8. Let w(x) = c(x) + 5*q(x). Is w(k) a